e prime factors of 180133?
61, 2953
What are the prime factors of 2056008?
2, 3, 85667
List the prime factors of 2939368.
2, 17, 21613
What are the prime factors of 762053?
762053
List the prime factors of 935600.
2, 5, 2339
List the prime factors of 3216243.
3, 173, 6197
List the prime factors of 29149236.
2, 3, 809701
What are the prime factors of 26322407?
43, 612149
List the prime factors of 1857726.
2, 3, 13, 17, 467
List the prime factors of 2859753.
3, 13, 73327
List the prime factors of 6765886.
2, 3382943
List the prime factors of 9007345.
5, 1801469
What are the prime factors of 1770023?
17, 104119
What are the prime factors of 26038945?
5, 1373, 3793
What are the prime factors of 43207?
43207
What are the prime factors of 4153880?
2, 5, 113, 919
List the prime factors of 1412730.
2, 3, 5, 11, 1427
What are the prime factors of 6348681?
3, 705409
What are the prime factors of 1395464?
2, 7, 24919
What are the prime factors of 773309?
599, 1291
What are the prime factors of 1703488?
2, 43, 619
What are the prime factors of 106689?
3, 11, 53, 61
List the prime factors of 25454587.
25454587
List the prime factors of 12502695.
3, 5, 157, 5309
List the prime factors of 1487632.
2, 109, 853
List the prime factors of 3590617.
541, 6637
List the prime factors of 417532.
2, 104383
What are the prime factors of 2589987?
3, 139, 6211
What are the prime factors of 1336434?
2, 3, 11, 20249
What are the prime factors of 195000?
2, 3, 5, 13
What are the prime factors of 4771096?
2, 11, 54217
List the prime factors of 104637.
3, 13, 2683
What are the prime factors of 156245?
5, 31249
List the prime factors of 1823339.
7, 127, 293
List the prime factors of 122546.
2, 71, 863
List the prime factors of 14960611.
619, 24169
List the prime factors of 11801140.
2, 5, 13, 45389
List the prime factors of 8930.
2, 5, 19, 47
What are the prime factors of 4580801?
269, 17029
What are the prime factors of 987075?
3, 5, 41, 107
What are the prime factors of 314368?
2, 307
List the prime factors of 14134.
2, 37, 191
What are the prime factors of 1363156?
2, 340789
List the prime factors of 380566.
2, 190283
What are the prime factors of 669615?
3, 5, 44641
List the prime factors of 115691.
19, 6089
List the prime factors of 374854.
2, 23, 29, 281
What are the prime factors of 3249506?
2, 13, 124981
What are the prime factors of 13848676?
2, 17, 203657
List the prime factors of 5443322.
2, 823, 3307
List the prime factors of 10348543.
10348543
What are the prime factors of 3683727?
3, 41, 67, 149
List the prime factors of 223263.
3, 8269
What are the prime factors of 9900720?
2, 3, 5, 13751
What are the prime factors of 1113941?
1113941
What are the prime factors of 7128752?
2, 41, 10867
What are the prime factors of 3645019?
7, 520717
List the prime factors of 2211992.
2, 276499
List the prime factors of 548630.
2, 5, 83, 661
What are the prime factors of 450568?
2, 17, 3313
What are the prime factors of 276160?
2, 5, 863
What are the prime factors of 232302?
2, 3, 7, 5531
List the prime factors of 1804136.
2, 61, 3697
What are the prime factors of 7389492?
2, 3, 11, 17, 37, 89
List the prime factors of 1347882.
2, 3, 277, 811
List the prime factors of 289583.
7, 41, 1009
List the prime factors of 4578521.
139, 32939
List the prime factors of 815250.
2, 3, 5, 1087
List the prime factors of 751277.
751277
What are the prime factors of 110208?
2, 3, 7, 41
List the prime factors of 666313.
269, 2477
List the prime factors of 1614613.
7, 11, 13, 1613
List the prime factors of 553680.
2, 3, 5, 769
List the prime factors of 241148.
2, 19, 167
What are the prime factors of 4333514?
2, 37, 157, 373
List the prime factors of 227594.
2, 113797
List the prime factors of 990407.
11, 179, 503
What are the prime factors of 261423?
3, 31, 937
List the prime factors of 258982.
2, 129491
List the prime factors of 49887.
3, 23, 241
What are the prime factors of 13773?
3, 4591
List the prime factors of 18297713.
7, 653, 4003
What are the prime factors of 26706831?
3, 73, 121949
List the prime factors of 138410.
2, 5, 13841
What are the prime factors of 19259810?
2, 5, 17, 277, 409
What are the prime factors of 500243?
251, 1993
What are the prime factors of 5676263?
1301, 4363
List the prime factors of 539529.
3, 17, 71, 149
List the prime factors of 32892867.
3, 7, 74587
List the prime factors of 8900446.
2, 263, 16921
What are the prime factors of 59296?
2, 17, 109
List the prime factors of 924626.
2, 277, 1669
What are the prime factors of 9434?
2, 53, 89
What are the prime factors of 322553?
7, 11, 59, 71
What are the prime factors of 582494?
2, 11, 29, 83
List the prime factors of 412544.
2, 11, 293
What are the prime factors of 2513358?
2, 3, 19, 7349
List the prime factors of 16165440.
2, 3, 5, 1871
What are the prime factors of 829846?
2, 414923
What are the prime factors of 3664023?
3, 11, 111031
What are the prime factors of 1091294?
2, 545647
List the prime factors of 13073446.
2, 6536723
List the prime factors of 12009.
3, 4003
List the prime factors of 19123257.
3, 59, 108041
List the prime factors of 19414.
2, 17, 571
List the prime factors of 1529717.
7, 218531
What are the prime factors of 58058?
2, 7, 11, 13, 29
What are the prime factors of 362912?
2, 11, 1031
What are the prime factors of 1336784?
2, 29, 43, 67
What are the prime factors of 303692?
2, 23, 3301
What are the prime factors of 226261?
7, 32323
List the prime factors of 3057836.
2, 764459
List the prime factors of 12629713.
1367, 9239
List the prime factors of 174543.
3, 73, 797
List the prime factors of 1500263.
397, 3779
List the prime factors of 1922436.
2, 3, 53401
What are the prime factors of 8658548?
2, 31, 69827
What are the prime factors of 4575943?
521, 8783
List the prime factors of 9307246.
2, 13, 41, 8731
What are the prime factors of 1615897?
43, 37579
What are the prime factors of 15333744?
2, 3, 319453
What are the prime factors of 3881052?
2, 3, 7, 15401
What are the prime factors of 18214566?
2, 3, 3035761
List the prime factors of 16123655.
5, 3224731
What are the prime factors of 811233?
3, 23, 3919
What are the prime factors of 8810?
2, 5, 881
List the prime factors of 1729482.
2, 3, 288247
What are the prime factors of 60320?
2, 5, 13, 29
What are the prime factors of 42050971?
19, 2213209
List the prime factors of 568050.
2, 3, 5, 7, 541
What are the prime factors of 5138528?
2, 160579
List the prime factors of 1586236.
2, 17, 23327
What are the prime factors of 28178?
2, 73, 193
List the prime factors of 1039584.
2, 3, 7, 13, 17
What are the prime factors of 3373124?
2, 281, 3001
What are the prime factors of 4301725?
5, 172069
List the prime factors of 10692983.
7, 17, 59, 1523
What are the prime factors of 2087079?
3, 557, 1249
List the prime factors of 92818.
2, 11, 4219
What are the prime factors of 4109656?
2, 107, 4801
List the prime factors of 569016.
2, 3, 7, 1129
What are the prime factors of 1511842?
2, 97, 7793
List the prime factors of 10225210.
2, 5, 89, 11489
What are the prime factors of 3324967?
31, 283, 379
List the prime factors of 467139.
3, 31, 5023
What are the prime factors of 248337?
3, 41, 673
List the prime factors of 11306076.
2, 3, 43, 21911
What are the prime factors of 2670077?
113, 23629
List the prime factors of 3743193.
3, 43, 29017
What are the prime factors of 3948?
2, 3, 7, 47
List the prime factors of 7490158.
2, 13, 31, 9293
What are the prime factors of 10192?
2, 7, 13
What are the prime factors of 778974?
2, 3, 7, 17, 1091
List the prime factors of 545783.
7, 77969
List the prime factors of 52066.
2, 7, 3719
What are the prime factors of 2087137?
13, 31, 5179
What are the prime factors of 9691565?
5, 13, 149101
List the prime factors of 3176808.
2, 3, 132367
List the prime factors of 557026.
2, 41, 6793
What are the prime factors of 5829992?
2, 7, 104107
List the prime factors of 20465577.
3, 11, 18793
List the prime factors of 62772.
2, 3, 5231
What are the prime factors of 41466?
2, 3, 6911
List the prime factors of 11721185.
5, 7, 334891
List the prime factors of 45241341.
3, 15080447
What are the prime factors of 7566491?
1009, 7499
What are the prime factors of 14052496?
2, 103, 8527
What are the prime factors of 6047034?
2, 3, 7